[INFO] cloning repository https://github.com/encima/bookshelf
[INFO] running `Command { std: "git" "-c" "credential.helper=" "-c" "credential.helper=/workspace/cargo-home/bin/git-credential-null" "clone" "--bare" "https://github.com/encima/bookshelf" "/workspace/cache/git-repos/https%3A%2F%2Fgithub.com%2Fencima%2Fbookshelf", kill_on_drop: false }`
[INFO] [stderr] Cloning into bare repository '/workspace/cache/git-repos/https%3A%2F%2Fgithub.com%2Fencima%2Fbookshelf'...
[INFO] running `Command { std: "git" "rev-parse" "HEAD", kill_on_drop: false }`
[INFO] [stdout] e6f9368eb78181290a04fc8dd918091fba9a8ea6
[INFO] checking encima/bookshelf against master#af3c6e733a40e671550e0f0f5aeecaa13772ba56 for pr-74989
[INFO] running `Command { std: "git" "clone" "/workspace/cache/git-repos/https%3A%2F%2Fgithub.com%2Fencima%2Fbookshelf" "/workspace/builds/worker-13/source", kill_on_drop: false }`
[INFO] [stderr] Cloning into '/workspace/builds/worker-13/source'...
[INFO] [stderr] done.
[INFO] validating manifest of git repo https://github.com/encima/bookshelf on toolchain af3c6e733a40e671550e0f0f5aeecaa13772ba56
[INFO] running `Command { std: "/workspace/cargo-home/bin/cargo" "+af3c6e733a40e671550e0f0f5aeecaa13772ba56" "read-manifest" "--manifest-path" "Cargo.toml", kill_on_drop: false }`
[INFO] started tweaking git repo https://github.com/encima/bookshelf
[INFO] finished tweaking git repo https://github.com/encima/bookshelf
[INFO] tweaked toml for git repo https://github.com/encima/bookshelf written to /workspace/builds/worker-13/source/Cargo.toml
[INFO] crate git repo https://github.com/encima/bookshelf already has a lockfile, it will not be regenerated
[INFO] running `Command { std: "/workspace/cargo-home/bin/cargo" "+af3c6e733a40e671550e0f0f5aeecaa13772ba56" "fetch" "--locked" "--manifest-path" "Cargo.toml", kill_on_drop: false }`
[INFO] [stderr] error: the lock file /workspace/builds/worker-13/source/Cargo.lock needs to be updated but --locked was passed to prevent this
[INFO] [stderr] If you want to try to generate the lock file without accessing the network, use the --offline flag.
[INFO] the lockfile is outdated, regenerating it
[INFO] running `Command { std: "/workspace/cargo-home/bin/cargo" "+af3c6e733a40e671550e0f0f5aeecaa13772ba56" "generate-lockfile" "--manifest-path" "Cargo.toml" "-Zno-index-update", kill_on_drop: false }`
[INFO] running `Command { std: "/workspace/cargo-home/bin/cargo" "+af3c6e733a40e671550e0f0f5aeecaa13772ba56" "fetch" "--locked" "--manifest-path" "Cargo.toml", kill_on_drop: false }`
[INFO] running `Command { std: "docker" "create" "-v" "/var/lib/crater-agent-workspace/builds/worker-13/target:/opt/rustwide/target:rw,Z" "-v" "/var/lib/crater-agent-workspace/builds/worker-13/source:/opt/rustwide/workdir:ro,Z" "-v" "/var/lib/crater-agent-workspace/cargo-home:/opt/rustwide/cargo-home:ro,Z" "-v" "/var/lib/crater-agent-workspace/rustup-home:/opt/rustwide/rustup-home:ro,Z" "-e" "SOURCE_DIR=/opt/rustwide/workdir" "-e" "CARGO_TARGET_DIR=/opt/rustwide/target" "-e" "CARGO_HOME=/opt/rustwide/cargo-home" "-e" "RUSTUP_HOME=/opt/rustwide/rustup-home" "-w" "/opt/rustwide/workdir" "-m" "1610612736" "--user" "0:0" "--network" "none" "rustops/crates-build-env@sha256:d92eaeed33fa75130ca1ee6c8a01d1ffb62bac859dfdfb3450e3e5d1c0146529" "/opt/rustwide/cargo-home/bin/cargo" "+af3c6e733a40e671550e0f0f5aeecaa13772ba56" "metadata" "--no-deps" "--format-version=1", kill_on_drop: false }`
[INFO] [stdout] e91d69b0fc37fa01a63704e8121c9170e1651e06813f897663a9668e1c5a7c09
[INFO] [stderr] WARNING: Your kernel does not support swap limit capabilities or the cgroup is not mounted. Memory limited without swap.
[INFO] running `Command { std: "docker" "start" "-a" "e91d69b0fc37fa01a63704e8121c9170e1651e06813f897663a9668e1c5a7c09", kill_on_drop: false }`
[INFO] running `Command { std: "docker" "inspect" "e91d69b0fc37fa01a63704e8121c9170e1651e06813f897663a9668e1c5a7c09", kill_on_drop: false }`
[INFO] running `Command { std: "docker" "rm" "-f" "e91d69b0fc37fa01a63704e8121c9170e1651e06813f897663a9668e1c5a7c09", kill_on_drop: false }`
[INFO] [stdout] e91d69b0fc37fa01a63704e8121c9170e1651e06813f897663a9668e1c5a7c09
[INFO] running `Command { std: "docker" "create" "-v" "/var/lib/crater-agent-workspace/builds/worker-13/target:/opt/rustwide/target:rw,Z" "-v" "/var/lib/crater-agent-workspace/builds/worker-13/source:/opt/rustwide/workdir:ro,Z" "-v" "/var/lib/crater-agent-workspace/cargo-home:/opt/rustwide/cargo-home:ro,Z" "-v" "/var/lib/crater-agent-workspace/rustup-home:/opt/rustwide/rustup-home:ro,Z" "-e" "SOURCE_DIR=/opt/rustwide/workdir" "-e" "CARGO_TARGET_DIR=/opt/rustwide/target" "-e" "CARGO_INCREMENTAL=0" "-e" "RUST_BACKTRACE=full" "-e" "RUSTFLAGS=--cap-lints=forbid" "-e" "CARGO_HOME=/opt/rustwide/cargo-home" "-e" "RUSTUP_HOME=/opt/rustwide/rustup-home" "-w" "/opt/rustwide/workdir" "-m" "1610612736" "--user" "0:0" "--network" "none" "rustops/crates-build-env@sha256:d92eaeed33fa75130ca1ee6c8a01d1ffb62bac859dfdfb3450e3e5d1c0146529" "/opt/rustwide/cargo-home/bin/cargo" "+af3c6e733a40e671550e0f0f5aeecaa13772ba56" "check" "--frozen" "--all" "--all-targets" "--message-format=json", kill_on_drop: false }`
[INFO] [stderr] WARNING: Your kernel does not support swap limit capabilities or the cgroup is not mounted. Memory limited without swap.
[INFO] [stdout] 9135b55f0ed147f1ab193fc6c798af1c81f0fdc658722091b2f59e426b9e4c42
[INFO] running `Command { std: "docker" "start" "-a" "9135b55f0ed147f1ab193fc6c798af1c81f0fdc658722091b2f59e426b9e4c42", kill_on_drop: false }`
[INFO] [stderr]    Compiling version_check v0.9.2
[INFO] [stderr]    Compiling proc-macro2 v1.0.21
[INFO] [stderr]    Compiling unicode-xid v0.2.1
[INFO] [stderr]    Compiling autocfg v1.0.1
[INFO] [stderr]    Compiling syn v1.0.40
[INFO] [stderr]    Compiling proc-macro-hack v0.5.18
[INFO] [stderr]    Compiling const_fn v0.4.2
[INFO] [stderr]    Compiling libc v0.2.77
[INFO] [stderr]     Checking bitflags v0.1.1
[INFO] [stderr]     Checking unicode-width v0.1.8
[INFO] [stderr]     Checking rustc-serialize v0.3.24
[INFO] [stderr]     Checking getopts v0.2.21
[INFO] [stderr]    Compiling standback v0.2.10
[INFO] [stderr]    Compiling time v0.2.19
[INFO] [stderr]    Compiling num-traits v0.2.12
[INFO] [stderr]    Compiling quote v1.0.7
[INFO] [stderr]     Checking num-traits v0.1.43
[INFO] [stderr]     Checking enum_primitive v0.1.1
[INFO] [stderr]    Compiling time-macros-impl v0.1.1
[INFO] [stderr]     Checking time-macros v0.1.0
[INFO] [stderr]     Checking rust-sqlite v0.2.0
[INFO] [stdout] error[E0412]: cannot find type `Tm` in crate `time`
[INFO] [stdout]    --> /opt/rustwide/cargo-home/registry/src/github.com-1ecc6299db9ec823/rust-sqlite-0.2.0/src/types.rs:124:24
[INFO] [stdout]     |
[INFO] [stdout] 124 | impl FromSql for time::Tm {
[INFO] [stdout]     |                        ^^ not found in `time`
[INFO] [stdout] 
[INFO] [stdout] 
[INFO] [stdout] error[E0412]: cannot find type `Tm` in crate `time`
[INFO] [stdout]    --> /opt/rustwide/cargo-home/registry/src/github.com-1ecc6299db9ec823/rust-sqlite-0.2.0/src/types.rs:125:72
[INFO] [stdout]     |
[INFO] [stdout] 125 |     fn from_sql(row: &mut ResultRow, col: ColIx) -> SqliteResult<time::Tm> {
[INFO] [stdout]     |                                                                        ^^ not found in `time`
[INFO] [stdout] 
[INFO] [stdout] 
[INFO] [stdout] error[E0425]: cannot find function `strptime` in crate `time`
[INFO] [stdout]    --> /opt/rustwide/cargo-home/registry/src/github.com-1ecc6299db9ec823/rust-sqlite-0.2.0/src/types.rs:127:24
[INFO] [stdout]     |
[INFO] [stdout] 127 |         Ok( try!(time::strptime(txt.as_ref(), SQLITE_TIME_FMT)) )
[INFO] [stdout]     |                        ^^^^^^^^ not found in `time`
[INFO] [stdout] 
[INFO] [stdout] 
[INFO] [stdout] error[E0412]: cannot find type `Timespec` in crate `time`
[INFO] [stdout]    --> /opt/rustwide/cargo-home/registry/src/github.com-1ecc6299db9ec823/rust-sqlite-0.2.0/src/types.rs:141:22
[INFO] [stdout]     |
[INFO] [stdout] 141 | impl ToSql for time::Timespec {
[INFO] [stdout]     |                      ^^^^^^^^ not found in `time`
[INFO] [stdout]     |
[INFO] [stdout] help: consider importing this struct
[INFO] [stdout]     |
[INFO] [stdout] 3   | use core::std_ffi::c_str::sys::time::Timespec;
[INFO] [stdout]     |
[INFO] [stdout] 
[INFO] [stdout] 
[INFO] [stdout] error[E0425]: cannot find function `at_utc` in crate `time`
[INFO] [stdout]    --> /opt/rustwide/cargo-home/registry/src/github.com-1ecc6299db9ec823/rust-sqlite-0.2.0/src/types.rs:143:29
[INFO] [stdout]     |
[INFO] [stdout] 143 |         let timestr = time::at_utc(*self).strftime(SQLITE_TIME_FMT)
[INFO] [stdout]     |                             ^^^^^^ not found in `time`
[INFO] [stdout] 
[INFO] [stdout] 
[INFO] [stdout] error[E0412]: cannot find type `Timespec` in crate `time`
[INFO] [stdout]    --> /opt/rustwide/cargo-home/registry/src/github.com-1ecc6299db9ec823/rust-sqlite-0.2.0/src/types.rs:150:24
[INFO] [stdout]     |
[INFO] [stdout] 150 | impl FromSql for time::Timespec {
[INFO] [stdout]     |                        ^^^^^^^^ not found in `time`
[INFO] [stdout]     |
[INFO] [stdout] help: consider importing this struct
[INFO] [stdout]     |
[INFO] [stdout] 3   | use core::std_ffi::c_str::sys::time::Timespec;
[INFO] [stdout]     |
[INFO] [stdout] 
[INFO] [stdout] 
[INFO] [stdout] error[E0412]: cannot find type `Timespec` in crate `time`
[INFO] [stdout]    --> /opt/rustwide/cargo-home/registry/src/github.com-1ecc6299db9ec823/rust-sqlite-0.2.0/src/types.rs:152:72
[INFO] [stdout]     |
[INFO] [stdout] 152 |     fn from_sql(row: &mut ResultRow, col: ColIx) -> SqliteResult<time::Timespec> {
[INFO] [stdout]     |                                                                        ^^^^^^^^ not found in `time`
[INFO] [stdout]     |
[INFO] [stdout] help: consider importing this struct
[INFO] [stdout]     |
[INFO] [stdout] 3   | use core::std_ffi::c_str::sys::time::Timespec;
[INFO] [stdout]     |
[INFO] [stdout] 
[INFO] [stdout] 
[INFO] [stdout] error[E0412]: cannot find type `Tm` in crate `time`
[INFO] [stdout]    --> /opt/rustwide/cargo-home/registry/src/github.com-1ecc6299db9ec823/rust-sqlite-0.2.0/src/types.rs:153:37
[INFO] [stdout]     |
[INFO] [stdout] 153 |         let tmo: SqliteResult<time::Tm> = FromSql::from_sql(row, col);
[INFO] [stdout]     |                                     ^^ not found in `time`
[INFO] [stdout] 
[INFO] [stdout] 
[INFO] [stdout] error[E0277]: the size for values of type `Self` cannot be known at compilation time
[INFO] [stdout]    --> /opt/rustwide/cargo-home/registry/src/github.com-1ecc6299db9ec823/rust-sqlite-0.2.0/src/types.rs:30:53
[INFO] [stdout]     |
[INFO] [stdout] 30  |     fn from_sql(row: &mut ResultRow, col: ColIx) -> SqliteResult<Self>;
[INFO] [stdout]     |                                                     ^^^^^^^^^^^^^^^^^^ doesn't have a size known at compile-time
[INFO] [stdout]     |
[INFO] [stdout] help: consider further restricting `Self`
[INFO] [stdout]     |
[INFO] [stdout] 30  |     fn from_sql(row: &mut ResultRow, col: ColIx) -> SqliteResult<Self> where Self: Sized;
[INFO] [stdout]     |                                                                        ^^^^^^^^^^^^^^^^^
[INFO] [stdout] 
[INFO] [stdout] 
[INFO] [stdout] error: aborting due to 9 previous errors
[INFO] [stdout] 
[INFO] [stdout] 
[INFO] [stdout] Some errors have detailed explanations: E0277, E0412, E0425.
[INFO] [stdout] 
[INFO] [stdout] For more information about an error, try `rustc --explain E0277`.
[INFO] [stdout] 
[INFO] [stderr] error: could not compile `rust-sqlite`.
[INFO] [stderr] 
[INFO] [stderr] To learn more, run the command again with --verbose.
[INFO] running `Command { std: "docker" "inspect" "9135b55f0ed147f1ab193fc6c798af1c81f0fdc658722091b2f59e426b9e4c42", kill_on_drop: false }`
[INFO] running `Command { std: "docker" "rm" "-f" "9135b55f0ed147f1ab193fc6c798af1c81f0fdc658722091b2f59e426b9e4c42", kill_on_drop: false }`
[INFO] [stdout] 9135b55f0ed147f1ab193fc6c798af1c81f0fdc658722091b2f59e426b9e4c42
